= -4*a, -5*c = -4*a - 3. Calculate the remainder when 5 is divided by a.
2
Calculate the remainder when 1044 is divided by -1 - ((-27300)/(-7))/(-15).
8
Let b(i) = 16*i - 106. Let z(m) = 2*m**2 - 9*m - 8. Calculate the remainder when z(6) is divided by b(7).
4
What is the remainder when (-4)/(-82) + (-9071140)/(-10660) is divided by 11?
4
Suppose -4*p = -3*p - 223. Suppose 3*z = -9, -28*z + 13 = 2*x - 23*z. What is the remainder when p is divided by x?
13
Let i = 18 + -9. Suppose 851 = 24*t - 9301. Let q = 456 - t. What is the remainder when q is divided by i?
6
Let y(g) = g**3 - 66*g**2 + 74*g - 411. What is the remainder when y(65) is divided by 42?
6
Suppose 0*o = -5*k + 3*o + 4, 5*o - 8 = k. Suppose k*d = -m + 43, -3*m + 5*m = -2*d + 44. Let g = -10811 - -10819. What is the remainder when d is divided by g?
5
Suppose 8293 = 552*i - 8267. Calculate the remainder when 2159 is divided by i.
29
Suppose -3971 - 3303 + 1097 = -29*s. Calculate the remainder when s is divided by 181.
32
Suppose 2*b - 446*d = -450*d + 62, 3*d - 109 = -4*b. What is the remainder when 335 is divided by b?
10
Let f = 10 - -6. Let d(g) = -14*g - 67. Let k be d(-7). What is the remainder when (2 - k)/(-9 + 8) is divided by f?
13
Calculate the remainder when 857 is divided by 2 - (16 - 16) - -19.
17
Suppose 57 - 53 = 2*c. Suppose 4*b - 83 - 87 = -3*l, -4*l = c*b - 240. Calculate the remainder when l is divided by 34.
28
Suppose 2957*t + 224 = 2964*t. Suppose -f = 5*n - 228, -3*f + 774 = -0*f - 3*n. Calculate the remainder when f is divided by t.
29
Let n = -43 + 57. Let q be (-10336)/n - (-16)/56. What is the remainder when 1/4 + q/(-24) is divided by 17?
14
Let o(p) be the second derivative of p**4/12 + 5*p**3/6 - 7*p**2/2 + 8*p + 15. Let f = -3 - 5. What is the remainder when 48 is divided by o(f)?
14
Let m(i) = 59*i - 45. Suppose -2*c - 170 = -244. What is the remainder when c is divided by m(1)?
9
Let y(v) = -8*v**3 - 45*v**2 + 11*v - 14. Calculate the remainder when y(-9) is divided by 31.
28
What is the remainder when 499 is divided by ((-42)/35)/((-6)/1290*2)?
112
Let c(d) = -d**2 - 6*d + 57. Let n be c(-12). What is the remainder when ((-156)/(-14))/(n/(-70)) is divided by 23?
6
Let u(k) = -k + 73. Suppose 0 = 20*t - 21*t. Suppose -5*n = t, -2*x - 26 = n - 82. What is the remainder when u(-10) is divided by x?
27
Let z(i) = 17*i**2 + 10*i + 3. Let t(n) = n**2 + 14*n + 61. Calculate the remainder when z(-3) is divided by t(-9).
14
Let p = 33 + -10. Let n = 0 + p. Calculate the remainder when (-1 - -3)/(-10*(-11)/4895) is divided by n.
20
Suppose 73*z - 36*z = 222111. Calculate the remainder when z is divided by 38.
37
Let w = 147 + -255. Let y = w - -113. Suppose -8*h + 153 = 3*z - y*h, 2*z - 5*h = 123. Calculate the remainder when z is divided by 19.
16
Let k(g) = g**2 - 3*g + 139. Let p be k(0). Let f = 222 - p. Suppose 4*x - 4*u - f = 57, 0 = -5*x + 2*u + 160. Calculate the remainder when 119 is divided by x.
29
Let w be 6 - (-8)/(72/(-63)). What is the remainder when w - (4 - 1) - -349 is divided by 29?
26
Let g(j) = -368*j - 323. What is the remainder when 1705 is divided by g(-1)?
40
Let w(y) = 22*y**3 - y**2. Let f be w(1). Let n = -19 + f. Suppose -44 = -o - 5*i, -3*o - n*i = 2*i - 187. What is the remainder when o is divided by 14?
13
Let i = -5274 + 23256. Calculate the remainder when i is divided by 16.
14
Suppose 0 = -9*r + 12*r - 9. What is the remainder when (-24)/(r - 9) + 31 is divided by 18?
17
Let r(g) = g**2 - 16*g - 41. Let b(k) = 1. Let c(l) = -4*b(l) + r(l). What is the remainder when c(19) is divided by 3?
0
Let w(s) = 305*s + 3225. Let c(o) = -28*o - 293. Let n(z) = 65*c(z) + 6*w(z). Calculate the remainder when n(-23) is divided by 26.
23
Let d(b) = 2*b**2 - 2*b - 34. Suppose -2*l - 6*n + 5*n = -16, l + 4*n = 22. Calculate the remainder when 121 is divided by d(l).
17
Let l(c) = -4*c**3 - 4*c**2 - 57*c - 229. What is the remainder when 3051 is divided by l(-4)?
186
Let f = -4501 + 4599. Calculate the remainder when f is divided by 94.
4
Let v = -13 - -35. Suppose 27 - v = a. Calculate the remainder when 64 is divided by a.
4
Let x = -6 + 34. Let j = x - 3. What is the remainder when j is divided by (5 + 6 + -12)/(-2*1/14)?
4
Let v(o) = 59*o - 364. Calculate the remainder when v(15) is divided by 17.
11
Suppose y - 35 = -y + b, -5*y + 5*b = -100. Calculate the remainder when 144 is divided by y.
9
Let u be (-27)/63 - 54/21. What is the remainder when 113 + u - 1*(0 - 0) is divided by 16?
14
Suppose -2*g + 214 = -0*g. Suppose 0 = -4042*q + 4067*q - 575. What is the remainder when g is divided by q?
15
Suppose 18*s - 46 - 602 = 0. Let t(k) = -21*k - 10. Calculate the remainder when s is divided by t(-1).
3
What is the remainder when 669 is divided by 20 - 8/(-14)*7?
21
Let u(d) = 1238*d**2 - 2*d + 1. Let z be u(-2). Suppose 20*h - 6263 = z. What is the remainder when h is divided by 47?
44
Suppose -28 = -2*g + 14. Suppose d - g = j - 2*d, 45 = -4*j - d. Let z(b) = -2*b + 20. What is the remainder when z(j) is divided by 10?
4
Suppose o = -4, 4*d - 299*o = -294*o + 148. Calculate the remainder when 1200 is divided by d.
16
Suppose 0 = -3*c + 57*x - 60*x + 5883, 3937 = 2*c + 5*x. Calculate the remainder when c is divided by 11.
9
Suppose 5*r + 5*x = 10*x, 5*x - 21 = -2*r. Suppose 26*t - p + 163 = 30*t, 3*t - 126 = r*p. Calculate the remainder when t is divided by 7.
6
Suppose -279 = -m - 4*n, -4*n + 3*n = 3*m - 793. What is the remainder when m is divided by 28?
11
Let u = 0 + 6. Let j = -1470 - -1491. What is the remainder when j is divided by u?
3
Suppose -141 = -4*d - g, -2*d = d - g - 111. Calculate the remainder when (d/(-10))/(1174/(-130) - -9) is divided by 42.
33
Suppose -5*r - 3*t = -101, -19*r - 2*t + 80 = -15*r. Calculate the remainder when 660 is divided by r.
14
Suppose -7*i + 14 = 49. Let g(f) = 4*f + 37. Let t be g(i). Suppose 18*a - t*a - 9 = 0. Calculate the remainder when 106 is divided by a.
7
Suppose -45 = -3*y - 6*y. Let r(o) = 5*o + 193. What is the remainder when r(-30) is divided by y?
3
Let b = -1828 + 1831. Suppose 1 = 2*c - 19. What is the remainder when c is divided by b?
1
Let r(h) = -h**3 + 5*h**2 + 8*h - 17. Suppose 0 = -z + 10*g - 7*g - 1, 4*z - 30 = -5*g. What is the remainder when (-130)/8*(-4)/1 is divided by r(z)?
19
Suppose -4*d - 3*c = -5*c - 28, -3*d + 3*c + 21 = 0. Suppose 0 = -5*r + d*r - 142. Calculate the remainder when r is divided by 9.
8
Let a = -8 + 5. Let k(d) = d**3 + 7*d**2 + 9*d + 23. What is the remainder when k(a) is divided by 17?
15
Let b = 22513 + -22507. Calculate the remainder when 620 is divided by b.
2
Let v(o) = 17*o - 29 + 24*o + 6*o**2 + 23*o - 65*o. Let w be v(9). Suppose -5*p + 12*p = w. What is the remainder when p is divided by 13?
12
Suppose 4*v - 604 = g, 105*v - 103*v - 2*g = 296. What is the remainder when 449 is divided by v?
145
Calculate the remainder when (2 - 63/18)*(-2396)/6 is divided by 77.
60
Let c = -7 - -15. Calculate the remainder when 4/((-140)/(-35) + (-752)/190) is divided by 2/(-8) + 114/c.
11
Let d = -574 - -577. Suppose -d*g + 4*a = -484, 4*g + 5*a = g + 475. What is the remainder when g is divided by 41?
37
Let p(r) = -5*r**3 + 96*r**2 - 22*r + 165. Calculate the remainder when p(19) is divided by 47.
14
What is the remainder when (1657/16*-2)/(((-232)/64)/29) is divided by 237?
235
Suppose -3*l - 4*m = -4615, 264*l + 4610 = 267*l - m. Calculate the remainder when l is divided by 60.
37
Let k = -3993 + 4008. Let w be (2/(-3))/((-2)/(-30)). What is the remainder when ((-56)/(-5))/((-2)/w) is divided by k?
11
Suppose -8*i = 3*i - 3300. Suppose -5*c - 7*c + i = 0. Let s(v) = -v**3 - 9*v**2 + 7. What is the remainder when c is divided by s(-9)?
4
Suppose 53*b + 2051 - 3087 = -21*b. Suppose -4*y = 2*f - 0*f - 284, 2*y - 2*f = 130. What is the remainder when y is divided by b?
13
Let j(x) = -x**2 + 3*x + 3. Let g be j(2). Suppose g*o = 83 + 72. Calculate the remainder when o is divided by 4.
3
Let f(j) = 11*j**2 - 222*j + 430. Calculate the remainder when 111 is divided by f(2).
21
Suppose 4*m - 3*m + 3*g + 5 = 0, 21 = 3*m - 3*g. Calculate the remainder when 229 is divided by (-2)/11 - ((-2736)/44 + m).
55
Let l(z) = -z**3 - 35*z**2 + 93*z + 49. What is the